 the highest common factor of 2210 and 39.
13
What is the greatest common divisor of 1568 and 49?
49
What is the greatest common factor of 138 and 782?
46
Calculate the greatest common divisor of 180 and 960.
60
What is the greatest common factor of 43 and 2365?
43
Calculate the greatest common factor of 78 and 114.
6
Calculate the highest common factor of 43491 and 399.
399
Calculate the highest common divisor of 45 and 5.
5
What is the greatest common factor of 624 and 1092?
156
Calculate the highest common divisor of 256 and 1056.
32
Calculate the greatest common factor of 81 and 1773.
9
Calculate the greatest common factor of 440 and 16.
8
What is the greatest common factor of 260 and 4121?
13
Calculate the highest common factor of 85 and 289.
17
Calculate the greatest common divisor of 32 and 296.
8
What is the greatest common divisor of 34 and 255?
17
What is the highest common divisor of 437 and 1173?
23
What is the highest common divisor of 9867 and 156?
39
Calculate the highest common factor of 38 and 950.
38
What is the greatest common divisor of 8 and 180?
4
What is the highest common factor of 224 and 784?
112
What is the highest common divisor of 65 and 35?
5
Calculate the highest common factor of 8965 and 55.
55
Calculate the highest common factor of 62 and 8494.
62
Calculate the greatest common divisor of 106 and 11978.
106
Calculate the highest common divisor of 385 and 231.
77
Calculate the greatest common factor of 405 and 5.
5
Calculate the highest common factor of 392 and 584.
8
What is the greatest common factor of 672 and 768?
96
What is the greatest common factor of 15 and 30?
15
Calculate the highest common divisor of 288 and 8496.
144
Calculate the greatest common divisor of 469 and 201.
67
Calculate the highest common divisor of 2535 and 255.
15
Calculate the greatest common factor of 19 and 1349.
19
Calculate the highest common divisor of 156 and 108.
12
Calculate the highest common factor of 49 and 61691.
49
Calculate the greatest common factor of 17154 and 18.
18
Calculate the highest common factor of 22 and 275.
11
Calculate the highest common factor of 83 and 5.
1
What is the highest common divisor of 50 and 40925?
25
What is the highest common factor of 228 and 9234?
114
Calculate the greatest common divisor of 168 and 1624.
56
Calculate the highest common factor of 18 and 174.
6
What is the highest common factor of 5117 and 1309?
119
Calculate the highest common divisor of 1176 and 8.
8
Calculate the highest common divisor of 261 and 29.
29
Calculate the highest common divisor of 47 and 2209.
47
Calculate the greatest common divisor of 12 and 32268.
12
What is the highest common divisor of 289 and 68?
17
Calculate the highest common factor of 2592 and 32.
32
What is the highest common divisor of 3015 and 45?
45
What is the highest common divisor of 9075 and 225?
75
What is the greatest common factor of 42 and 273?
21
What is the highest common divisor of 77 and 11?
11
What is the greatest common divisor of 3 and 723?
3
Calculate the greatest common factor of 390 and 30.
30
What is the highest common divisor of 288 and 800?
32
What is the highest common factor of 2200 and 30?
10
What is the greatest common divisor of 48 and 546?
6
What is the highest common divisor of 48 and 496?
16
What is the highest common divisor of 799 and 47?
47
Calculate the greatest common divisor of 2016 and 189.
63
What is the highest common factor of 160 and 5?
5
Calculate the greatest common divisor of 413 and 118.
59
What is the greatest common factor of 6 and 30?
6
What is the greatest common factor of 658 and 77?
7
What is the highest common factor of 880 and 30?
10
What is the greatest common factor of 306 and 357?
51
What is the highest common divisor of 138 and 161?
23
What is the greatest common divisor of 142 and 4?
2
Calculate the highest common factor of 116 and 609.
29
Calculate the greatest common divisor of 4440 and 80.
40
Calculate the highest common divisor of 28 and 1897.
7
What is the greatest common factor of 658 and 238?
14
Calculate the highest common factor of 616 and 56.
56
Calculate the highest common factor of 121 and 7.
1
What is the highest common divisor of 29 and 551?
29
What is the highest common factor of 550 and 270?
10
What is the highest common factor of 62 and 32?
2
Calculate the highest common factor of 832 and 260.
52
What is the greatest common divisor of 82 and 3198?
82
What is the highest common divisor of 182 and 78?
26
Calculate the greatest common divisor of 36855 and 81.
81
Calculate the highest common factor of 288 and 1696.
32
Calculate the highest common divisor of 3296 and 32.
32
What is the greatest common divisor of 87 and 6?
3
What is the greatest common factor of 35688 and 48?
24
What is the greatest common divisor of 5772 and 26?
26
What is the greatest common divisor of 1491 and 63?
21
Calculate the greatest common factor of 851 and 23.
23
Calculate the highest common divisor of 22 and 4301.
11
What is the highest common divisor of 529 and 92?
23
Calculate the highest common factor of 2365 and 129.
43
Calculate the greatest common factor of 114 and 1539.
57
Calculate the greatest common divisor of 34 and 2.
2
What is the greatest common factor of 3668 and 56?
28
Calculate the greatest common divisor of 7 and 89.
1
Calculate the highest common factor of 47 and 5922.
47
What is the highest common factor of 97 and 2?
1
What is the greatest common divisor of 1068 and 4?
4
Calculate the greatest common divisor of 7 and 5747.
7
Calculate the greatest common divisor of 12 and 294.
6
What is the greatest common divisor of 24 and 328?
8
What is the highest common factor of 20584 and 496?
248
What is the greatest common divisor of 24 and 1368?
24
What is the greatest common divisor of 143 and 221?
13
Calculate the highest common factor of 81 and 288.
9
What is the greatest common divisor of 266 and 76?
38
Calculate the highest common factor of 30 and 354.
6
What is the highest common factor of 36 and 24?
12
What is the highest common divisor of 28 and 6356?
28
Calculate the highest common divisor of 3141 and 27.
9
Calculate the highest common factor of 55 and 45.
5
What is the highest common factor of 1353 and 99?
33
What is the highest common divisor of 912 and 102?
6
Calculate the highest common divisor of 64 and 1792.
64
What is the highest common divisor of 154 and 1474?
22
Calculate the highest common factor of 2007 and 9.
9
What is the highest common factor of 214 and 107?
107
What is the highest common divisor of 1080 and 45?
45
What is the greatest common factor of 3 and 2688?
3
What is the highest common divisor of 4773 and 222?
111
Calculate the highest common factor of 11 and 143.
11
Calculate the greatest common factor of 14 and 63.
7
What is the highest common factor of 22 and 594?
22
What is the highest common divisor of 432 and 4344?
24
What is the greatest common divisor of 61317 and 27?
27
What is the highest common factor of 1025 and 25?
25
What is the highest common divisor of 91 and 47593?
91
Calculate the highest common divisor of 7266 and 42.
42
Calculate the highest common factor of 13 and 5.
1
What is the highest common divisor of 220 and 2684?
44
Calculate the greatest common divisor of 221 and 425.
17
What is the greatest common divisor of 324 and 20?
4
Calculate the greatest common factor of 77 and 21714.
77
What is the greatest common divisor of 28 and 74452?
28
What is the highest common factor of 28 and 1260?
28
What is the greatest common factor of 6 and 552?
6
Calculate the highest common divisor of 44 and 8.
4
Calculate the greatest common divisor of 172 and 43.
43
What is the highest common divisor of 35 and 50015?
35
What is the greatest common factor of 40 and 5?
5
Calculate the highest common divisor of 13995 and 30.
15
What is the highest common divisor of 527 and 34?
17
Calculate the highest common factor of 16 and 304.
16
What is the highest common divisor of 30 and 168?
6
What is the highest common factor of 299 and 585?
13
What is the highest common divisor of 80 and 5?
5
What is the greatest common divisor of 693 and 210?
21
Calculate the greatest common divisor of 66 and 11418.
66
Calculate the highest common divisor of 4 and 127.
1
Calculate 